*x - 6. Suppose t - v = m + 4, 0 = m - 1. Calculate the greatest common divisor of t and 55.
11
Let j = 2769 - 998. Calculate the greatest common divisor of j and 77.
77
Suppose 0 = -2*i - 0*g + 2*g + 732, 3*i - 4*g = 1095. Calculate the greatest common factor of i and 9.
9
Let o be (162/(-90))/(9/(-255)). What is the highest common divisor of o and 17?
17
Let x = 55 - 52. Suppose -5*p = -p - x*k - 174, -4*k = 5*p - 233. Calculate the highest common divisor of p and 18.
9
Let i be 4 + 2 - (0 + 1). Let m = -1 + i. Let o = 95 + -89. What is the highest common factor of o and m?
2
Let l = 0 - 3. Let n(d) = -27*d + 4. Let c be n(l). What is the highest common divisor of 34 and c?
17
Let f be (-3072)/(-44) + 6/33. What is the highest common factor of f and 14?
14
Suppose 21*d = 46*d - 26450. Calculate the greatest common divisor of d and 46.
46
Let i(p) = 16*p**2 + p. Let n be i(4). What is the highest common divisor of 20 and n?
20
Suppose -5*b = -10*b - 45. Let y(p) = p**3 + 10*p**2 + 9*p + 6. Let u be y(b). Suppose -u = -2*c + 14. Calculate the highest common factor of c and 40.
10
Suppose -4*n = -l - 171, 4*n + 4*l = -l + 201. What is the highest common divisor of n and 418?
22
Suppose 3*x - 460 = 4*p, x + 6*p - 166 = p. Suppose -4*y = -4*m - x, -82 = -3*y - 4*m + 21. Calculate the highest common factor of y and 74.
37
Let s be 3 + (1 + 2 - 1). Suppose l + 86 = s*g, -g + 21 = -8*l + 4*l. Suppose -90 - 63 = -9*a. Calculate the greatest common factor of g and a.
17
Suppose 2*w = -4*t + 142, 75 + 65 = 5*t - 5*w. Suppose -t = -2*d - d. Suppose -f = -6*f + 5. Calculate the greatest common factor of f and d.
1
Suppose 5*o = -g - g + 110, 0 = -4*o - 16. Let h be 26/(-3)*1/(4/(-6)). What is the highest common factor of h and g?
13
Let k be -1 - (-1099)/42 - 2/12. What is the highest common divisor of k and 4?
1
Suppose 5*n = 402 + 38. Suppose -23 = 2*d - 45. Calculate the greatest common factor of n and d.
11
Suppose 2*h = 3*h. Suppose -2*d - d - 54 = h. Let c = d + 36. Calculate the highest common divisor of c and 90.
18
Let k be -31 + 43 - (4 + 2). What is the highest common divisor of 474 and k?
6
Suppose 0 = v - 3*g - 22, -5*g + 0 + 24 = 3*v. Let w = 14 + 77. Calculate the greatest common divisor of w and v.
13
Suppose -9 = 4*t - 69. Suppose -t = -2*u - 5. Let n be 10/(-25) + (1 - 244/(-10)). What is the greatest common divisor of n and u?
5
Suppose -2*m + 502 + 1414 = 0. Suppose m = 5*v - r, 3*v - 586 = -0*r - 5*r. Calculate the highest common factor of v and 12.
12
Suppose -3*p = p - 3*d + 56, -5*p = 5*d + 35. Let j = p - -11. Let t be -3 - (-24 + -1 + j). Calculate the highest common factor of t and 22.
22
Let p(l) = 5 - 29*l**2 - 32*l**2 - 31 + 11*l + 60*l**2. Let o be p(4). Calculate the highest common factor of 18 and o.
2
Suppose 3*i + 4*n = i, -i = 3*n + 4. Suppose 3*y = 2*y + 24. Let g = y - i. What is the greatest common factor of g and 176?
16
Let u = 3 - -12. Let w(f) = 3*f + 11. Let a be w(u). Suppose 0 = -3*v - 1 + 43. What is the greatest common factor of v and a?
14
Suppose 4*r - 17 + 1 = 0, 5*r - 57 = -d. Let y be ((-370)/(-15))/((-2)/(-21)). Calculate the highest common factor of d and y.
37
Let u be (-2 - -1)*-2 + 58. Let l be (-49)/3 + 18/(-27). Let r = 32 + l. What is the greatest common factor of u and r?
15
Let f = 124 + -108. Let c be -1 + -3 + 168 + f. What is the greatest common factor of 20 and c?
20
Suppose 15*b - 55 = 4*b. Suppose 0*p + 87 = 4*p - 5*h, -5*p = -b*h - 110. What is the greatest common factor of p and 253?
23
Suppose -g + 5 = 0, 4*g - g = 2*x - 4871. What is the highest common factor of 7 and x?
7
Suppose 2 = 4*c - 34. Suppose -4*d + 44 = 2*b, -5*d - b + 31 = -2*d. Calculate the highest common divisor of d and c.
9
Let j(c) = -2*c**2 - 25*c + 5. Let w be j(-8). Calculate the highest common factor of 7 and w.
7
Let g be -3*4/(-6)*7. Let p be 2/(-19) - (-2)/19. Suppose 5*b - 4*z - 492 = -5*z, p = -3*z + 6. Calculate the greatest common factor of g and b.
14
Let p(w) = -w**2 + 8*w + 7. Let q be p(8). Suppose 0 = 6*a - q*a + 21. Suppose 0 = -2*b + 51 + a. What is the highest common factor of 12 and b?
12
Let q(k) = 2*k**2 - 36*k - 13. Let v be q(-9). What is the highest common factor of 11 and v?
11
Let r = -619 - -706. Calculate the greatest common factor of 1131 and r.
87
Let h(z) = 126*z**2 - 15*z - 28. Let f be h(-2). What is the greatest common divisor of 23 and f?
23
Let t = 946 + -814. Let y be 0 - (-21 - 1)/1. What is the greatest common factor of t and y?
22
Let o(j) = -j**2 + 25*j - 48. Let t be o(23). Let q be 2*(3 + t) - -4. Calculate the greatest common factor of q and 9.
3
Suppose 11*j + 2*j - 2665 = 0. Calculate the greatest common factor of 82 and j.
41
Let b be (-1 + 2 + 0)*8. Suppose 70*p + 2664 = 107*p. Calculate the highest common factor of p and b.
8
Suppose -c + 6 = 4*g, c + 3*c - g - 58 = 0. Suppose 52*u = 40*u + 84. Calculate the highest common factor of c and u.
7
Let w = -134 - -323. What is the highest common divisor of w and 126?
63
Let v(c) = c**3 - 5*c**2 - 4*c + 7. Let w(t) = t**2 - t. Let p be w(3). Let r be v(p). What is the highest common divisor of r and 95?
19
Suppose l + 2*n - 60 = -3*l, -n - 4 = 0. Let x = -12 + l. Suppose 5*g - x*w - 90 = 0, 2*g + 3*w - 79 = -2*g. Calculate the highest common factor of 171 and g.
19
Suppose 10*v = -5*v + 810. Let g = 6 + 12. Suppose -2*p = g - v. What is the greatest common divisor of 6 and p?
6
Let y be (3/2)/3*22. Let v = 79 + 97. What is the highest common factor of y and v?
11
Let q = -31 + 82. What is the greatest common divisor of q and 561?
51
Let f = -1497 + 1782. What is the greatest common divisor of 38 and f?
19
Let b be (-48)/40*20/(-6). Suppose b*d - 55 - 25 = 0. Let i = -10 + d. What is the highest common divisor of 20 and i?
10
Let o(b) = 17*b - 3. Let u(n) = -16*n + 2. Let g(m) = -6*o(m) - 7*u(m). Let i be g(2). What is the greatest common divisor of i and 3?
3
Let w(f) = 177*f + 8. Let d be w(-2). Let o = -121 - d. Calculate the greatest common divisor of 25 and o.
25
Let b be (2/6)/(((-8)/6)/4). Let y(u) = u**2 - 6*u**3 - 1 - 3*u**2 + 5*u**2. Let h be y(b). Calculate the highest common factor of h and 72.
8
Suppose -622 = -24*l + 170. What is the greatest common factor of l and 451?
11
Let m = 3415 + -2357. Calculate the greatest common factor of 92 and m.
46
Let l be ((-70)/40)/(1/(-4)). Suppose -2*f + l*f - 170 = 0. Calculate the highest common factor of 51 and f.
17
Let l(u) = -63*u - 173. Let i be l(-3). Calculate the highest common divisor of 464 and i.
16
Let u be 0/(-1 - (-1 - 2)). Suppose -3*d = -12 - u. Let g(z) = -z**3 - 5*z**2 + 11*z + 15. Let y be g(-7). Calculate the greatest common factor of d and y.
4
Suppose 40*z = 12421 + 779. What is the highest common divisor of 60 and z?
30
Let n = 19 - 15. Calculate the greatest common factor of 3 and n.
1
Let j(y) = 2*y - 12. Let b be j(6). Suppose b = v + 3*x - 10, -84 = -4*v - 4*x + 3*x. What is the highest common divisor of 88 and v?
22
Suppose 16 = 4*w + 5*i - 10*i, 4*w - 16 = 3*i. Suppose -4*g + 151 = -2*j + 33, 2*g + 4*j = 84. Calculate the highest common factor of g and w.
4
Let v = 186 + 156. What is the greatest common divisor of 38 and v?
38
Let p(j) = 6*j**3 - j**2 + 1. Let c be p(-1). Let i = 54 + c. What is the highest common divisor of 24 and i?
24
Let z(n) be the second derivative of 1/2*n**2 + 0 + 19/2*n**3 + 5*n. Let v be z(2). Calculate the greatest common divisor of v and 46.
23
Let v = -468 - -472. What is the highest common factor of 236 and v?
4
Let u be 1 + 19 - (3 + -2 + -3). Calculate the greatest common factor of 132 and u.
22
Suppose 0 = 5*c - 2*i - 2489 + 594, -2*i = 3*c - 1121. Calculate the greatest common factor of c and 29.
29
Let h = -59 - -224. Let w be 1 - (-1)/(-1)*-1. Suppose 3*v + 4*r = -w*v + 91, -r = -4. What is the greatest common divisor of h and v?
15
Let s = 96 - 92. Suppose -s*z + 4*n + 40 = 0, -2*z - 10*n = -7*n. Calculate the highest common factor of z and 30.
6
Let d(v) = -v**2 + 18*v - 10. Let w be d(19). Let q = -11 - w. What is the greatest common factor of 54 and q?
18
Let r be 28/3 - 10/(-15). Let s(a) = a**2 + 2 - 11*a**3 + 12*a**3 - 7*a**2 + a**2 + 2*a. Let c be s(6). What is the greatest common factor of r 